{"id":13,"date":"2018-02-01T17:32:05","date_gmt":"2018-02-01T16:32:05","guid":{"rendered":"http:\/\/zjazd2019.pedagog.uw.edu.pl\/?page_id=13"},"modified":"2018-10-08T00:22:41","modified_gmt":"2018-10-07T22:22:41","slug":"zaproszenie","status":"publish","type":"page","link":"http:\/\/zjazd2019.pedagog.uw.edu.pl\/index.php\/o-zjezdzie\/zaproszenie\/","title":{"rendered":"Zaproszenie"},"content":{"rendered":"<span itemprop=\"description\"><p>Szanowni Pa\u0144stwo,<\/p>\n<p>Mi\u0142o nam jest poinformowa\u0107, \u017ce w dniach <strong>18 &#8211; 20 wrze\u015bnia 2019 w Warszawie <\/strong>odb\u0119dzie si\u0119 <strong>X Og\u00f3lnopolski Zjazd Pedagogiczny<\/strong> organizowany przez Polskie Towarzystwo Pedagogiczne wsp\u00f3lnie z Wydzia\u0142em Pedagogicznym Uniwersytetu Warszawskiego oraz Akademi\u0105 Pedagogiki Specjalnej im. Marii Grzegorzewskiej w Warszawie. Zjazd poprzedzony b\u0119dzie Akademi\u0105 M\u0142odego Naukowca, kt\u00f3ra odb\u0119dzie si\u0119 17 wrze\u015bnia 2019 roku.<\/p>\n<p>X Og\u00f3lnopolski Zjazd Pedagogiczny odbywa\u0107 si\u0119 b\u0119dzie pod has\u0142em \u201e<strong>Pedagogika i edukacja wobec kryzysu zaufania, wsp<\/strong><strong>\u00f3<\/strong><strong>lnotowo\u015bci i autonomii.\u201d<\/strong>\u00a0 Chcieliby\u015bmy zaproponowa\u0107 Pa\u0144stwu podj\u0119cie\u00a0 w trakcie Zjazdu refleksji nad wyzwaniami, jakie stoj\u0105 przed pedagogik\u0105, edukacj\u0105 i o\u015bwiat\u0105 w dynamicznie zmieniaj\u0105cym si\u0119 krajobrazie politycznym, ekonomicznym, kulturowym i spo\u0142ecznym wsp\u00f3\u0142czesnej Polski i \u015bwiata.<\/p>\n<p>Proponujemy Pa\u0144stwu trzydniowe obrady w siedmiu <strong>sekcjach tematycznych<\/strong>:<\/p>\n<ol>\n<li>Polityka edukacyjna, szko\u0142a, instytucje edukacyjne.<\/li>\n<li>Nauczyciel.<\/li>\n<li>M\u0142odzie\u017c, ucze\u0144, student, s\u0142uchacz.<\/li>\n<li>Rodzina, dziecko, opieka, instytucje wychowania.<\/li>\n<li>Rynek pracy, rozw\u00f3j zawodowy, oczekiwania pracodawc\u00f3w.<\/li>\n<li>\u015arodowisko globalne, \u015brodowisko lokalne, relacje spo\u0142eczne, grupy spo\u0142eczne, media, migracje.<\/li>\n<li>Metodologia bada\u0144 humanistycznych i spo\u0142ecznych.<\/li>\n<\/ol>\n<p>Podczas Zjazdu przewidujemy dyskusje plenarne, obrady sesji problemowych poszczeg\u00f3lnych sekcji, sympozja oraz interaktywne sesje plakatowe. Chcieliby\u015bmy, aby ten Jubileuszowy Zjazd by\u0142 miejscem spotkania naukowc\u00f3w, kt\u00f3rym bliskie s\u0105 problemy pedagogiki i edukacji, aby sprzyja\u0142 dialogowi ludzi nauki i praktyk\u00f3w oraz interdyscyplinarnej dyskusji nad rol\u0105 pedagogiki i pedagog\u00f3w we wsp\u00f3\u0142czesnym \u015bwiecie.<\/p>\n<p>Mamy nadziej\u0119, \u017ce tematyka przysz\u0142orocznego Zjazdu b\u0119dzie dla Pa\u0144stwa interesuj\u0105ca i spotkamy si\u0119 w du\u017cym gronie w Warszawie. Byliby\u015bmy wdzi\u0119czni za rozpropagowanie informacji o planowanym przez nas wydarzeniu naukowym w Pa\u0144stwa uczelniach. Wi\u0119cej informacji na temat Zjazdu mog\u0105 Pa\u0144stwo znale\u017a\u0107 na testowej stronie internetowej: <a href=\"http:\/\/zjazd2019.pedagog.uw.edu.pl\">zjazd2019.pedagog.uw.edu.pl<\/a><\/p>\n<p>&nbsp;<\/p>\n<p><strong>Przewodnicz\u0105cy Zjazdu:\u00a0\u00a0\u00a0\u00a0\u00a0\u00a0\u00a0\u00a0\u00a0\u00a0\u00a0\u00a0\u00a0\u00a0\u00a0\u00a0\u00a0\u00a0\u00a0\u00a0\u00a0\u00a0\u00a0\u00a0\u00a0\u00a0\u00a0\u00a0\u00a0\u00a0\u00a0\u00a0\u00a0\u00a0\u00a0\u00a0\u00a0\u00a0\u00a0\u00a0\u00a0\u00a0\u00a0\u00a0\u00a0\u00a0\u00a0\u00a0\u00a0\u00a0\u00a0\u00a0\u00a0\u00a0\u00a0\u00a0\u00a0\u00a0\u00a0\u00a0\u00a0\u00a0\u00a0\u00a0\u00a0\u00a0\u00a0\u00a0\u00a0\u00a0\u00a0\u00a0\u00a0\u00a0\u00a0\u00a0\u00a0\u00a0\u00a0\u00a0\u00a0\u00a0\u00a0\u00a0\u00a0\u00a0\u00a0\u00a0\u00a0\u00a0\u00a0\u00a0 Przewodnicz\u0105ca PTP<\/strong><\/p>\n<p>Prof., dr hab. Anna Wi\u0142komirska\u00a0\u00a0\u00a0\u00a0\u00a0\u00a0\u00a0\u00a0\u00a0\u00a0\u00a0\u00a0\u00a0\u00a0\u00a0\u00a0\u00a0\u00a0\u00a0\u00a0\u00a0\u00a0\u00a0\u00a0\u00a0\u00a0\u00a0\u00a0\u00a0\u00a0\u00a0\u00a0\u00a0\u00a0\u00a0\u00a0\u00a0\u00a0\u00a0\u00a0\u00a0\u00a0 \u00a0 \u00a0 \u00a0 \u00a0 \u00a0 \u00a0 \u00a0 \u00a0 \u00a0 \u00a0 Prof. dr hab. Joanna Madali\u0144ska-Michalak<\/p>\n<p>Prof. dr hab. Stefan Kwiatkowski<\/p>\n<span>","protected":false},"excerpt":{"rendered":"<p class=\"excerpt\"><span itemprop=\"description\">Szanowni Pa\u0144stwo, Mi\u0142o nam jest poinformowa\u0107, \u017ce w dniach 18 &#8211; 20 wrze\u015bnia 2019 w Warszawie odb\u0119dzie si\u0119 X Og\u00f3lnopolski Zjazd Pedagogiczny organizowany przez Polskie Towarzystwo Pedagogiczne wsp\u00f3lnie z Wydzia\u0142em Pedagogicznym Uniwersytetu Warszawskiego oraz Akademi\u0105 Pedagogiki Specjalnej im. Marii Grzegorzewskiej w Warszawie. Zjazd poprzedzony b\u0119dzie&hellip;<\/span><\/p>\n<p class=\"more-link-p btn-align-right\"><a class=\"blue zoom-btn\" href=\"http:\/\/zjazd2019.pedagog.uw.edu.pl\/index.php\/o-zjezdzie\/zaproszenie\/\">Read More<\/a><\/p>\n","protected":false},"author":1,"featured_media":18,"parent":17,"menu_order":0,"comment_status":"closed","ping_status":"closed","template":"","meta":[],"_links":{"self":[{"href":"http:\/\/zjazd2019.pedagog.uw.edu.pl\/index.php\/wp-json\/wp\/v2\/pages\/13"}],"collection":[{"href":"http:\/\/zjazd2019.pedagog.uw.edu.pl\/index.php\/wp-json\/wp\/v2\/pages"}],"about":[{"href":"http:\/\/zjazd2019.pedagog.uw.edu.pl\/index.php\/wp-json\/wp\/v2\/types\/page"}],"author":[{"embeddable":true,"href":"http:\/\/zjazd2019.pedagog.uw.edu.pl\/index.php\/wp-json\/wp\/v2\/users\/1"}],"replies":[{"embeddable":true,"href":"http:\/\/zjazd2019.pedagog.uw.edu.pl\/index.php\/wp-json\/wp\/v2\/comments?post=13"}],"version-history":[{"count":4,"href":"http:\/\/zjazd2019.pedagog.uw.edu.pl\/index.php\/wp-json\/wp\/v2\/pages\/13\/revisions"}],"predecessor-version":[{"id":401,"href":"http:\/\/zjazd2019.pedagog.uw.edu.pl\/index.php\/wp-json\/wp\/v2\/pages\/13\/revisions\/401"}],"up":[{"embeddable":true,"href":"http:\/\/zjazd2019.pedagog.uw.edu.pl\/index.php\/wp-json\/wp\/v2\/pages\/17"}],"wp:featuredmedia":[{"embeddable":true,"href":"http:\/\/zjazd2019.pedagog.uw.edu.pl\/index.php\/wp-json\/wp\/v2\/media\/18"}],"wp:attachment":[{"href":"http:\/\/zjazd2019.pedagog.uw.edu.pl\/index.php\/wp-json\/wp\/v2\/media?parent=13"}],"curies":[{"name":"wp","href":"https:\/\/api.w.org\/{rel}","templated":true}]}}

<span itemprop="description"><p>Szanowni Państwo,</p>
<p>Miło nam jest poinformować, że w dniach <strong>18 &#8211; 20 września 2019 w Warszawie </strong>odbędzie się <strong>X Ogólnopolski Zjazd Pedagogiczny</strong> organizowany przez Polskie Towarzystwo Pedagogiczne wspólnie z Wydziałem Pedagogicznym Uniwersytetu Warszawskiego oraz Akademią Pedagogiki Specjalnej im. Marii Grzegorzewskiej w Warszawie. Zjazd poprzedzony będzie Akademią Młodego Naukowca, która odbędzie się 17 września 2019 roku.</p>
<p>X Ogólnopolski Zjazd Pedagogiczny odbywać się będzie pod hasłem „<strong>Pedagogika i edukacja wobec kryzysu zaufania, wsp</strong><strong>ó</strong><strong>lnotowości i autonomii.”</strong>  Chcielibyśmy zaproponować Państwu podjęcie  w trakcie Zjazdu refleksji nad wyzwaniami, jakie stoją przed pedagogiką, edukacją i oświatą w dynamicznie zmieniającym się krajobrazie politycznym, ekonomicznym, kulturowym i społecznym współczesnej Polski i świata.</p>
<p>Proponujemy Państwu trzydniowe obrady w siedmiu <strong>sekcjach tematycznych</strong>:</p>
<ol>
<li>Polityka edukacyjna, szkoła, instytucje edukacyjne.</li>
<li>Nauczyciel.</li>
<li>Młodzież, uczeń, student, słuchacz.</li>
<li>Rodzina, dziecko, opieka, instytucje wychowania.</li>
<li>Rynek pracy, rozwój zawodowy, oczekiwania pracodawców.</li>
<li>Środowisko globalne, środowisko lokalne, relacje społeczne, grupy społeczne, media, migracje.</li>
<li>Metodologia badań humanistycznych i społecznych.</li>
</ol>
<p>Podczas Zjazdu przewidujemy dyskusje plenarne, obrady sesji problemowych poszczególnych sekcji, sympozja oraz interaktywne sesje plakatowe. Chcielibyśmy, aby ten Jubileuszowy Zjazd był miejscem spotkania naukowców, którym bliskie są problemy pedagogiki i edukacji, aby sprzyjał dialogowi ludzi nauki i praktyków oraz interdyscyplinarnej dyskusji nad rolą pedagogiki i pedagogów we współczesnym świecie.</p>
<p>Mamy nadzieję, że tematyka przyszłorocznego Zjazdu będzie dla Państwa interesująca i spotkamy się w dużym gronie w Warszawie. Bylibyśmy wdzięczni za rozpropagowanie informacji o planowanym przez nas wydarzeniu naukowym w Państwa uczelniach. Więcej informacji na temat Zjazdu mogą Państwo znaleźć na testowej stronie internetowej: <a href="http://zjazd2019.pedagog.uw.edu.pl">zjazd2019.pedagog.uw.edu.pl</a></p>
<p>&nbsp;</p>
<p><strong>Przewodniczący Zjazdu:                                                                                             Przewodnicząca PTP</strong></p>
<p>Prof., dr hab. Anna Wiłkomirska                                                               Prof. dr hab. Joanna Madalińska-Michalak</p>
<p>Prof. dr hab. Stefan Kwiatkowski</p>
<span>

<p class="excerpt"><span itemprop="description">Szanowni Państwo, Miło nam jest poinformować, że w dniach 18 &#8211; 20 września 2019 w Warszawie odbędzie się X Ogólnopolski Zjazd Pedagogiczny organizowany przez Polskie Towarzystwo Pedagogiczne wspólnie z Wydziałem Pedagogicznym Uniwersytetu Warszawskiego oraz Akademią Pedagogiki Specjalnej im. Marii Grzegorzewskiej w Warszawie. Zjazd poprzedzony będzie&hellip;</span></p>
<p class="more-link-p btn-align-right"><a class="blue zoom-btn" href="http://zjazd2019.pedagog.uw.edu.pl/index.php/o-zjezdzie/zaproszenie/">Read More</a></p>
