{"id":26,"date":"2018-02-03T12:02:26","date_gmt":"2018-02-03T11:02:26","guid":{"rendered":"http:\/\/zjazd2019.pedagog.uw.edu.pl\/?page_id=26"},"modified":"2018-05-08T13:46:22","modified_gmt":"2018-05-08T11:46:22","slug":"komitet-naukowy","status":"publish","type":"page","link":"http:\/\/zjazd2019.pedagog.uw.edu.pl\/index.php\/o-zjezdzie\/komitet-naukowy\/","title":{"rendered":"Komitet Naukowy"},"content":{"rendered":"<span itemprop=\"description\"><p class=\"western\">\n<p class=\"western\"><span style=\"font-family: Times New Roman, serif;\"><span style=\"font-size: medium;\"><b>Komitet Naukowy<\/b><\/span><\/span><\/p>\n<p class=\"western\"><span style=\"font-family: Times New Roman, serif;\"><span style=\"font-size: medium;\">Prof. dr hab. Stefan M. Kwiatkowski<\/span><\/span><\/p>\n<p class=\"western\"><span style=\"font-family: Times New Roman, serif;\"><span style=\"font-size: medium;\">Prof. dr hab. Zbigniew Kwieci\u0144ski<\/span><\/span><\/p>\n<p class=\"western\"><span style=\"font-family: Times New Roman, serif;\"><span style=\"font-size: medium;\">Prof. dr hab. Joanna Madali\u0144ska-Michalak<\/span><\/span><\/p>\n<p class=\"western\"><span style=\"font-family: Times New Roman, serif;\"><span style=\"font-size: medium;\">Prof. dr hab. Bogus\u0142aw \u015aliwerski<\/span><\/span><\/p>\n<p class=\"western\"><span style=\"font-family: Times New Roman, serif;\"><span style=\"font-size: medium;\">Prof. dr hab. Anna Wi\u0142komirska<\/span><\/span><\/p>\n<span>","protected":false},"excerpt":{"rendered":"<p class=\"excerpt\"><span itemprop=\"description\">Komitet Naukowy Prof. dr hab. Stefan M. Kwiatkowski Prof. dr hab. Zbigniew Kwieci\u0144ski Prof. dr hab. Joanna Madali\u0144ska-Michalak Prof. dr hab. Bogus\u0142aw \u015aliwerski Prof. dr hab. Anna Wi\u0142komirska<\/span><\/p>\n<p class=\"more-link-p btn-align-right\"><a class=\"blue zoom-btn\" href=\"http:\/\/zjazd2019.pedagog.uw.edu.pl\/index.php\/o-zjezdzie\/komitet-naukowy\/\">Read More<\/a><\/p>\n","protected":false},"author":1,"featured_media":18,"parent":17,"menu_order":0,"comment_status":"closed","ping_status":"closed","template":"","meta":[],"_links":{"self":[{"href":"http:\/\/zjazd2019.pedagog.uw.edu.pl\/index.php\/wp-json\/wp\/v2\/pages\/26"}],"collection":[{"href":"http:\/\/zjazd2019.pedagog.uw.edu.pl\/index.php\/wp-json\/wp\/v2\/pages"}],"about":[{"href":"http:\/\/zjazd2019.pedagog.uw.edu.pl\/index.php\/wp-json\/wp\/v2\/types\/page"}],"author":[{"embeddable":true,"href":"http:\/\/zjazd2019.pedagog.uw.edu.pl\/index.php\/wp-json\/wp\/v2\/users\/1"}],"replies":[{"embeddable":true,"href":"http:\/\/zjazd2019.pedagog.uw.edu.pl\/index.php\/wp-json\/wp\/v2\/comments?post=26"}],"version-history":[{"count":3,"href":"http:\/\/zjazd2019.pedagog.uw.edu.pl\/index.php\/wp-json\/wp\/v2\/pages\/26\/revisions"}],"predecessor-version":[{"id":262,"href":"http:\/\/zjazd2019.pedagog.uw.edu.pl\/index.php\/wp-json\/wp\/v2\/pages\/26\/revisions\/262"}],"up":[{"embeddable":true,"href":"http:\/\/zjazd2019.pedagog.uw.edu.pl\/index.php\/wp-json\/wp\/v2\/pages\/17"}],"wp:featuredmedia":[{"embeddable":true,"href":"http:\/\/zjazd2019.pedagog.uw.edu.pl\/index.php\/wp-json\/wp\/v2\/media\/18"}],"wp:attachment":[{"href":"http:\/\/zjazd2019.pedagog.uw.edu.pl\/index.php\/wp-json\/wp\/v2\/media?parent=26"}],"curies":[{"name":"wp","href":"https:\/\/api.w.org\/{rel}","templated":true}]}}

<span itemprop="description"><p class="western">
<p class="western"><span style="font-family: Times New Roman, serif;"><span style="font-size: medium;"><b>Komitet Naukowy</b></span></span></p>
<p class="western"><span style="font-family: Times New Roman, serif;"><span style="font-size: medium;">Prof. dr hab. Stefan M. Kwiatkowski</span></span></p>
<p class="western"><span style="font-family: Times New Roman, serif;"><span style="font-size: medium;">Prof. dr hab. Zbigniew Kwieciński</span></span></p>
<p class="western"><span style="font-family: Times New Roman, serif;"><span style="font-size: medium;">Prof. dr hab. Joanna Madalińska-Michalak</span></span></p>
<p class="western"><span style="font-family: Times New Roman, serif;"><span style="font-size: medium;">Prof. dr hab. Bogusław Śliwerski</span></span></p>
<p class="western"><span style="font-family: Times New Roman, serif;"><span style="font-size: medium;">Prof. dr hab. Anna Wiłkomirska</span></span></p>
<span>

<p class="excerpt"><span itemprop="description">Komitet Naukowy Prof. dr hab. Stefan M. Kwiatkowski Prof. dr hab. Zbigniew Kwieciński Prof. dr hab. Joanna Madalińska-Michalak Prof. dr hab. Bogusław Śliwerski Prof. dr hab. Anna Wiłkomirska</span></p>
<p class="more-link-p btn-align-right"><a class="blue zoom-btn" href="http://zjazd2019.pedagog.uw.edu.pl/index.php/o-zjezdzie/komitet-naukowy/">Read More</a></p>
