{"id":326,"date":"2018-06-05T14:26:26","date_gmt":"2018-06-05T12:26:26","guid":{"rendered":"http:\/\/zjazd2019.pedagog.uw.edu.pl\/?page_id=326"},"modified":"2019-05-14T09:27:35","modified_gmt":"2019-05-14T07:27:35","slug":"polityka-edukacyjna-szkola-instytucje-edukacyjne","status":"publish","type":"page","link":"http:\/\/zjazd2019.pedagog.uw.edu.pl\/index.php\/program\/sekcje-tematyczne-srodowisko-globalne-srodowisko-lokalne-relacje-spoleczne-media-migracje\/polityka-edukacyjna-szkola-instytucje-edukacyjne\/","title":{"rendered":"Polityka edukacyjna, szko\u0142a, instytucje edukacyjne"},"content":{"rendered":"<span itemprop=\"description\"><p>Bior\u0105c pod uwag\u0119 temat Zjazdu Pedagogicznego proponujemy skoncentrowanie uwagi zainteresowanych udzia\u0142em w naszej sekcji tematycznej naukowc\u00f3w na nast\u0119puj\u0105ce kwestie:<\/p>\n<ol>\n<li>Efekty 30 lat transformacji spo\u0142eczno-politycznej w polityce o\u015bwiatowej w wyniku zmieniaj\u0105cych si\u0119 wraz z kolejnymi wyborami w\u0142adz pa\u0144stwowych i ustawodawczych oraz ich rzutowanie na funkcjonowanie szk\u00f3\u0142 i instytucji edukacyjnych III RP.<\/li>\n<li>Istota i zakres zmian w relacjach mi\u0119dzy w\u0142adzami politycznymi pa\u0144stwa a edukacj\u0105 publiczn\u0105 i niepubliczn\u0105 w III RP.<\/li>\n<li>Upolitycznienie i upartyjnienie a mo\u017cliwo\u015bci autonomii i samorz\u0105dno\u015bci edukacji szkolnej oraz pozaszkolnej w sferze publicznej.<\/li>\n<li>Demokratyzacja o\u015bwiaty publicznej wobec tendencji i zmian jej ograniczania przez w\u0142adze resortu edukacji.<\/li>\n<li>Miejsce na innowacje i eksperymenty pedagogiczne w warunkach zmieniaj\u0105cej si\u0119 polityki edukacyjnej pa\u0144stwa<\/li>\n<li>Nier\u00f3wno\u015bci spo\u0142eczne w edukacji &#8211; skuteczno\u015b\u0107 lub nieskuteczno\u015b\u0107 ich zmniejszania<\/li>\n<li>Curriculum a podr\u0119czniki szkolne i \u015brodki dydaktyczne<\/li>\n<li>Uspo\u0142ecznienie o\u015bwiaty publicznej w spo\u0142ecze\u0144stwie sterowanym przez autokratyczne w\u0142adze<\/li>\n<li>Mo\u017cliwo\u015bci rozwoju oddolnych ruch\u00f3w i projekt\u00f3w innowacyjnych w edukacji<\/li>\n<li>Dok\u0105d zmierza polityka edukacyjna III RP?<\/li>\n<li>Patologie, paradoksy i aporie polityki edukacyjnej pa\u0144stwa.<\/li>\n<li>Nowe podej\u015bcia w metodologii bada\u0144 polityki edukacyjnej<\/li>\n<\/ol>\n<span>","protected":false},"excerpt":{"rendered":"<p class=\"excerpt\"><span itemprop=\"description\">Bior\u0105c pod uwag\u0119 temat Zjazdu Pedagogicznego proponujemy skoncentrowanie uwagi zainteresowanych udzia\u0142em w naszej sekcji tematycznej naukowc\u00f3w na nast\u0119puj\u0105ce kwestie: Efekty 30 lat transformacji spo\u0142eczno-politycznej w polityce o\u015bwiatowej w wyniku zmieniaj\u0105cych si\u0119 wraz z kolejnymi wyborami w\u0142adz pa\u0144stwowych i ustawodawczych oraz ich rzutowanie na funkcjonowanie szk\u00f3\u0142&hellip;<\/span><\/p>\n<p class=\"more-link-p btn-align-right\"><a class=\"blue zoom-btn\" href=\"http:\/\/zjazd2019.pedagog.uw.edu.pl\/index.php\/program\/sekcje-tematyczne-srodowisko-globalne-srodowisko-lokalne-relacje-spoleczne-media-migracje\/polityka-edukacyjna-szkola-instytucje-edukacyjne\/\">Read More<\/a><\/p>\n","protected":false},"author":4,"featured_media":0,"parent":46,"menu_order":0,"comment_status":"closed","ping_status":"closed","template":"","meta":[],"_links":{"self":[{"href":"http:\/\/zjazd2019.pedagog.uw.edu.pl\/index.php\/wp-json\/wp\/v2\/pages\/326"}],"collection":[{"href":"http:\/\/zjazd2019.pedagog.uw.edu.pl\/index.php\/wp-json\/wp\/v2\/pages"}],"about":[{"href":"http:\/\/zjazd2019.pedagog.uw.edu.pl\/index.php\/wp-json\/wp\/v2\/types\/page"}],"author":[{"embeddable":true,"href":"http:\/\/zjazd2019.pedagog.uw.edu.pl\/index.php\/wp-json\/wp\/v2\/users\/4"}],"replies":[{"embeddable":true,"href":"http:\/\/zjazd2019.pedagog.uw.edu.pl\/index.php\/wp-json\/wp\/v2\/comments?post=326"}],"version-history":[{"count":2,"href":"http:\/\/zjazd2019.pedagog.uw.edu.pl\/index.php\/wp-json\/wp\/v2\/pages\/326\/revisions"}],"predecessor-version":[{"id":343,"href":"http:\/\/zjazd2019.pedagog.uw.edu.pl\/index.php\/wp-json\/wp\/v2\/pages\/326\/revisions\/343"}],"up":[{"embeddable":true,"href":"http:\/\/zjazd2019.pedagog.uw.edu.pl\/index.php\/wp-json\/wp\/v2\/pages\/46"}],"wp:attachment":[{"href":"http:\/\/zjazd2019.pedagog.uw.edu.pl\/index.php\/wp-json\/wp\/v2\/media?parent=326"}],"curies":[{"name":"wp","href":"https:\/\/api.w.org\/{rel}","templated":true}]}}

Polityka edukacyjna, szkoła, instytucje edukacyjne

<span itemprop="description"><p>Biorąc pod uwagę temat Zjazdu Pedagogicznego proponujemy skoncentrowanie uwagi zainteresowanych udziałem w naszej sekcji tematycznej naukowców na następujące kwestie:</p>
<ol>
<li>Efekty 30 lat transformacji społeczno-politycznej w polityce oświatowej w wyniku zmieniających się wraz z kolejnymi wyborami władz państwowych i ustawodawczych oraz ich rzutowanie na funkcjonowanie szkół i instytucji edukacyjnych III RP.</li>
<li>Istota i zakres zmian w relacjach między władzami politycznymi państwa a edukacją publiczną i niepubliczną w III RP.</li>
<li>Upolitycznienie i upartyjnienie a możliwości autonomii i samorządności edukacji szkolnej oraz pozaszkolnej w sferze publicznej.</li>
<li>Demokratyzacja oświaty publicznej wobec tendencji i zmian jej ograniczania przez władze resortu edukacji.</li>
<li>Miejsce na innowacje i eksperymenty pedagogiczne w warunkach zmieniającej się polityki edukacyjnej państwa</li>
<li>Nierówności społeczne w edukacji &#8211; skuteczność lub nieskuteczność ich zmniejszania</li>
<li>Curriculum a podręczniki szkolne i środki dydaktyczne</li>
<li>Uspołecznienie oświaty publicznej w społeczeństwie sterowanym przez autokratyczne władze</li>
<li>Możliwości rozwoju oddolnych ruchów i projektów innowacyjnych w edukacji</li>
<li>Dokąd zmierza polityka edukacyjna III RP?</li>
<li>Patologie, paradoksy i aporie polityki edukacyjnej państwa.</li>
<li>Nowe podejścia w metodologii badań polityki edukacyjnej</li>
</ol>
<span>

<p class="excerpt"><span itemprop="description">Biorąc pod uwagę temat Zjazdu Pedagogicznego proponujemy skoncentrowanie uwagi zainteresowanych udziałem w naszej sekcji tematycznej naukowców na następujące kwestie: Efekty 30 lat transformacji społeczno-politycznej w polityce oświatowej w wyniku zmieniających się wraz z kolejnymi wyborami władz państwowych i ustawodawczych oraz ich rzutowanie na funkcjonowanie szkół&hellip;</span></p>
<p class="more-link-p btn-align-right"><a class="blue zoom-btn" href="http://zjazd2019.pedagog.uw.edu.pl/index.php/program/sekcje-tematyczne-srodowisko-globalne-srodowisko-lokalne-relacje-spoleczne-media-migracje/polityka-edukacyjna-szkola-instytucje-edukacyjne/">Read More</a></p>
