{"id":52,"date":"2018-02-03T12:17:02","date_gmt":"2018-02-03T11:17:02","guid":{"rendered":"http:\/\/zjazd2019.pedagog.uw.edu.pl\/?page_id=52"},"modified":"2019-09-16T13:17:20","modified_gmt":"2019-09-16T11:17:20","slug":"sesje-posterowe","status":"publish","type":"page","link":"http:\/\/zjazd2019.pedagog.uw.edu.pl\/index.php\/program\/sesje-posterowe\/","title":{"rendered":"Sesje Posterowe"},"content":{"rendered":"<span itemprop=\"description\"><p style=\"text-align: right;\"><a href=\"http:\/\/zjazd2019.pedagog.uw.edu.pl\/wp-content\/uploads\/2019\/09\/18-Sesja-posterowa1-1.pdf\">Sesja posterowa &#8211; pobierz PDF<\/a><\/p>\n<table width=\"631\" cellspacing=\"0\" cellpadding=\"7\">\n<colgroup>\n<col width=\"107\" \/>\n<col width=\"184\" \/>\n<col width=\"298\" \/> <\/colgroup>\n<tbody>\n<tr valign=\"top\">\n<td width=\"107\"><\/td>\n<td width=\"184\">Plakaty interaktywne:<\/p>\n<p>Koordynator:<br \/>\ndr Ma\u0142gorzata Jab\u0142onowska (APS)<\/td>\n<td width=\"298\">\n<p align=\"right\"><span style=\"font-family: Times New Roman, serif;\"><b>Akademia Pedagogiki Specjalnej<br \/>\n<\/b><\/span><span style=\"font-family: Times New Roman, serif;\"><b>im. Marii Grzegorzewskiej<br \/>\n<\/b><\/span><span style=\"font-family: Times New Roman, serif;\"><b>ul. Szcz\u0119\u015bliwicka 40<\/b><\/span><\/p>\n<p>Budynek C, hol I pi\u0119tro,\u00a0 przed Aul\u0105 im. J. Korczaka<\/td>\n<\/tr>\n<tr valign=\"top\">\n<td width=\"107\">\n<p align=\"center\"><span style=\"font-family: Times New Roman, serif;\">1<\/span><\/p>\n<\/td>\n<td colspan=\"2\" width=\"496\">Dr Diana Aksamit (APS) &#8211; <em>Przysz\u0142o\u015b\u0107 doros\u0142ych os\u00f3b z g\u0142\u0119bok\u0105 niepe\u0142nosprawno\u015bci\u0105 intelektualn\u0105 w subiektywnych relacjach matek. Studium jako\u015bciowe w Polsce<\/em><\/td>\n<\/tr>\n<tr valign=\"top\">\n<td width=\"107\">\n<p align=\"center\"><span style=\"font-family: Times New Roman, serif;\">2<\/span><\/p>\n<\/td>\n<td colspan=\"2\" width=\"496\">Dr Ilona Fajfer-Kruczek (U\u015a), Dr Sylwia Wrona (U\u015a) &#8211; <em>Projekt w edukacji akademickiej &#8211; od integralnej wiedzy do skutecznej praktyki resocjalizacyjnej<\/em><\/td>\n<\/tr>\n<tr valign=\"top\">\n<td width=\"107\">\n<p align=\"center\"><span style=\"font-family: Times New Roman, serif;\">3<\/span><\/p>\n<\/td>\n<td colspan=\"2\" width=\"496\">Dr Monika Gromadzka(UW), Dr Micha\u0142 Mijal (UW) \u2013 <em>Edukacyjny escape room \u2013wyzwania i ograniczenia<\/em><\/td>\n<\/tr>\n<tr valign=\"top\">\n<td width=\"107\">\n<p align=\"center\"><span style=\"font-family: Times New Roman, serif;\">4<\/span><\/p>\n<\/td>\n<td colspan=\"2\" width=\"496\">Dr hab. Ma\u0142gorzata Kaliszewska, prof. UJK &#8211; Wyzyskiwanie w praktyce akademickiej impuls\u00f3w &#8222;prze\u0142omu dwoisto\u015bci\u201d<\/td>\n<\/tr>\n<tr valign=\"top\">\n<td width=\"107\">\n<p align=\"center\"><span style=\"font-family: Times New Roman, serif;\">5<\/span><\/p>\n<\/td>\n<td colspan=\"2\" width=\"496\">Mgr Klaudia Kowalska (UAM), Dr hab. Micha\u0142 Klichowski (UAM) &#8211; <em>Ignorowanie s\u0142\u00f3w na rzecz obraz\u00f3w: eksperyment 1-back<\/em><\/td>\n<\/tr>\n<tr valign=\"top\">\n<td width=\"107\">\n<p align=\"center\"><span style=\"font-family: Times New Roman, serif;\">6<\/span><\/p>\n<\/td>\n<td colspan=\"2\" width=\"496\">dr hab. Ma\u0142gorzata Makiewicz (US) &#8211; <em>Fotografia dla edukacji matematycznej. Wizualne drogi do reprezentacji symbolicznych<\/em><\/td>\n<\/tr>\n<tr valign=\"top\">\n<td width=\"107\">\n<p align=\"center\"><span style=\"font-family: Times New Roman, serif;\">7<\/span><\/p>\n<\/td>\n<td colspan=\"2\" width=\"496\">Mgr Ewelina M\u0142ynarczyk-Karabin (APS)<em> -Wybrane aspekty funkcjonowania kobiet ze spektrum autyzmu.<\/em><\/td>\n<\/tr>\n<tr valign=\"top\">\n<td width=\"107\">\n<p align=\"center\"><span style=\"font-family: Times New Roman, serif;\">8<\/span><\/p>\n<\/td>\n<td colspan=\"2\" width=\"496\">Dr Dorota Prysak (U\u015a) &#8211; <em>Dzi\u015b ucz\u0119 si\u0119, jutro pracuj\u0119\u00a0<\/em><\/td>\n<\/tr>\n<tr valign=\"top\">\n<td width=\"107\"><\/td>\n<td width=\"184\"><\/td>\n<td width=\"298\"><\/td>\n<\/tr>\n<\/tbody>\n<\/table>\n<span>","protected":false},"excerpt":{"rendered":"<p class=\"excerpt\"><span itemprop=\"description\">Sesja posterowa &#8211; pobierz PDF Plakaty interaktywne: Koordynator: dr Ma\u0142gorzata Jab\u0142onowska (APS) Akademia Pedagogiki Specjalnej im. Marii Grzegorzewskiej ul. Szcz\u0119\u015bliwicka 40 Budynek C, hol I pi\u0119tro,\u00a0 przed Aul\u0105 im. J. Korczaka 1 Dr Diana Aksamit (APS) &#8211; Przysz\u0142o\u015b\u0107 doros\u0142ych os\u00f3b z g\u0142\u0119bok\u0105 niepe\u0142nosprawno\u015bci\u0105 intelektualn\u0105 w&hellip;<\/span><\/p>\n<p class=\"more-link-p btn-align-right\"><a class=\"blue zoom-btn\" href=\"http:\/\/zjazd2019.pedagog.uw.edu.pl\/index.php\/program\/sesje-posterowe\/\">Read More<\/a><\/p>\n","protected":false},"author":1,"featured_media":33,"parent":32,"menu_order":0,"comment_status":"closed","ping_status":"closed","template":"","meta":[],"_links":{"self":[{"href":"http:\/\/zjazd2019.pedagog.uw.edu.pl\/index.php\/wp-json\/wp\/v2\/pages\/52"}],"collection":[{"href":"http:\/\/zjazd2019.pedagog.uw.edu.pl\/index.php\/wp-json\/wp\/v2\/pages"}],"about":[{"href":"http:\/\/zjazd2019.pedagog.uw.edu.pl\/index.php\/wp-json\/wp\/v2\/types\/page"}],"author":[{"embeddable":true,"href":"http:\/\/zjazd2019.pedagog.uw.edu.pl\/index.php\/wp-json\/wp\/v2\/users\/1"}],"replies":[{"embeddable":true,"href":"http:\/\/zjazd2019.pedagog.uw.edu.pl\/index.php\/wp-json\/wp\/v2\/comments?post=52"}],"version-history":[{"count":13,"href":"http:\/\/zjazd2019.pedagog.uw.edu.pl\/index.php\/wp-json\/wp\/v2\/pages\/52\/revisions"}],"predecessor-version":[{"id":2379,"href":"http:\/\/zjazd2019.pedagog.uw.edu.pl\/index.php\/wp-json\/wp\/v2\/pages\/52\/revisions\/2379"}],"up":[{"embeddable":true,"href":"http:\/\/zjazd2019.pedagog.uw.edu.pl\/index.php\/wp-json\/wp\/v2\/pages\/32"}],"wp:featuredmedia":[{"embeddable":true,"href":"http:\/\/zjazd2019.pedagog.uw.edu.pl\/index.php\/wp-json\/wp\/v2\/media\/33"}],"wp:attachment":[{"href":"http:\/\/zjazd2019.pedagog.uw.edu.pl\/index.php\/wp-json\/wp\/v2\/media?parent=52"}],"curies":[{"name":"wp","href":"https:\/\/api.w.org\/{rel}","templated":true}]}}