{"id":71,"date":"2018-02-03T12:26:15","date_gmt":"2018-02-03T11:26:15","guid":{"rendered":"http:\/\/zjazd2019.pedagog.uw.edu.pl\/?page_id=71"},"modified":"2020-02-21T13:39:14","modified_gmt":"2020-02-21T12:39:14","slug":"oplaty","status":"publish","type":"page","link":"http:\/\/zjazd2019.pedagog.uw.edu.pl\/index.php\/informacje-praktyczne\/oplaty\/","title":{"rendered":"Op\u0142aty"},"content":{"rendered":"<span itemprop=\"description\"><p><!--\n\n\n<p style=\"text-align: right;\">[maxbutton id=\"5\" url=\"\/index.php\/produkt\/udzial-w-konferencji\/\" text=\"P\u0141AC\u0118 Z PAYU\" nofollow=\"true\" ]\n\n\n --><\/p>\n<h4><strong>Udzia\u0142 w Zje\u017adzie:<\/strong><\/h4>\n<p>dla cz\u0142onk\u00f3w PTP &#8211; 600 z\u0142<br \/>\ndla os\u00f3b nieb\u0119d\u0105cych cz\u0142onkami PTP &#8211; 650 z\u0142<br \/>\ndla m\u0142odych naukowc\u00f3w, uczestnicz\u0105cych jednocze\u015bnie w Akademii M\u0142odych Naukowc\u00f3w, b\u0119d\u0105cych cz\u0142onkami PTP &#8211; 550 z\u0142<br \/>\ndla m\u0142odych naukowc\u00f3w, uczestnicz\u0105cych jednocze\u015bnie w Akademii M\u0142odych Naukowc\u00f3w, nieb\u0119d\u0105cych cz\u0142onkami PTP &#8211; 600 z\u0142<\/p>\n<p><strong>P\u0142atno\u015b\u0107:<\/strong><\/p>\n<p>kart\u0105 kredytow\u0105 (PayU) lub przelewem na konto:<br \/>\nUniwersytet Warszawski Wydzia\u0142 Pedagogiczny (230)<br \/>\nul. Krakowskie Przedmie\u015bcie 26\/28 00-927 Warszawa<br \/>\nNr rachunku:<strong> 69 1160 2202 0000 0000 6084 9408<\/strong><br \/>\nW tytule prosimy wpisa\u0107: X Zjazd 2019 oraz imi\u0119 i nazwisko uczestnika<\/p>\n<p>&nbsp;<\/p>\n<h4><strong>Udzia\u0142 w Akademii M\u0142odych Naukowc\u00f3w:<\/strong><\/h4>\n<p>M\u0142odzi Naukowcy b\u0119d\u0105cy cz\u0142onkami PTP &#8211; 150 z\u0142<br \/>\nM\u0142odzi Naukowcy nieb\u0119d\u0105cy cz\u0142onkami PTP &#8211; 180 z\u0142<\/p>\n<p><strong>P\u0142atno\u015b\u0107:<\/strong><\/p>\n<p>przelewem na konto:<br \/>\nAkademia Pedagogiki Specjalnej im. M. Grzegorzewskiej<br \/>\nul. Szcz\u0119\u015bliwicka 40, 02-353 Warszawa<br \/>\nNr rachunku: <strong>61 2490 0005 0000 4530 3456 2606<br \/>\n<\/strong>W tytule prosimy wpisa\u0107: Akademia M\u0142odych &#8211; Zjazd oraz imi\u0119 i nazwisko uczestnika<\/p>\n<span>","protected":false},"excerpt":{"rendered":"<p class=\"excerpt\"><span itemprop=\"description\">Udzia\u0142 w Zje\u017adzie: dla cz\u0142onk\u00f3w PTP &#8211; 600 z\u0142 dla os\u00f3b nieb\u0119d\u0105cych cz\u0142onkami PTP &#8211; 650 z\u0142 dla m\u0142odych naukowc\u00f3w, uczestnicz\u0105cych jednocze\u015bnie w Akademii M\u0142odych Naukowc\u00f3w, b\u0119d\u0105cych cz\u0142onkami PTP &#8211; 550 z\u0142 dla m\u0142odych naukowc\u00f3w, uczestnicz\u0105cych jednocze\u015bnie w Akademii M\u0142odych Naukowc\u00f3w, nieb\u0119d\u0105cych cz\u0142onkami PTP &#8211;&hellip;<\/span><\/p>\n<p class=\"more-link-p btn-align-right\"><a class=\"blue zoom-btn\" href=\"http:\/\/zjazd2019.pedagog.uw.edu.pl\/index.php\/informacje-praktyczne\/oplaty\/\">Read More<\/a><\/p>\n","protected":false},"author":1,"featured_media":65,"parent":58,"menu_order":0,"comment_status":"closed","ping_status":"closed","template":"","meta":[],"_links":{"self":[{"href":"http:\/\/zjazd2019.pedagog.uw.edu.pl\/index.php\/wp-json\/wp\/v2\/pages\/71"}],"collection":[{"href":"http:\/\/zjazd2019.pedagog.uw.edu.pl\/index.php\/wp-json\/wp\/v2\/pages"}],"about":[{"href":"http:\/\/zjazd2019.pedagog.uw.edu.pl\/index.php\/wp-json\/wp\/v2\/types\/page"}],"author":[{"embeddable":true,"href":"http:\/\/zjazd2019.pedagog.uw.edu.pl\/index.php\/wp-json\/wp\/v2\/users\/1"}],"replies":[{"embeddable":true,"href":"http:\/\/zjazd2019.pedagog.uw.edu.pl\/index.php\/wp-json\/wp\/v2\/comments?post=71"}],"version-history":[{"count":16,"href":"http:\/\/zjazd2019.pedagog.uw.edu.pl\/index.php\/wp-json\/wp\/v2\/pages\/71\/revisions"}],"predecessor-version":[{"id":2468,"href":"http:\/\/zjazd2019.pedagog.uw.edu.pl\/index.php\/wp-json\/wp\/v2\/pages\/71\/revisions\/2468"}],"up":[{"embeddable":true,"href":"http:\/\/zjazd2019.pedagog.uw.edu.pl\/index.php\/wp-json\/wp\/v2\/pages\/58"}],"wp:featuredmedia":[{"embeddable":true,"href":"http:\/\/zjazd2019.pedagog.uw.edu.pl\/index.php\/wp-json\/wp\/v2\/media\/65"}],"wp:attachment":[{"href":"http:\/\/zjazd2019.pedagog.uw.edu.pl\/index.php\/wp-json\/wp\/v2\/media?parent=71"}],"curies":[{"name":"wp","href":"https:\/\/api.w.org\/{rel}","templated":true}]}}

Opłaty

<span itemprop="description"><p><!--


<p style="text-align: right;">[maxbutton id="5" url="/index.php/produkt/udzial-w-konferencji/" text="PŁACĘ Z PAYU" nofollow="true" ]


 --></p>
<h4><strong>Udział w Zjeździe:</strong></h4>
<p>dla członków PTP &#8211; 600 zł<br />
dla osób niebędących członkami PTP &#8211; 650 zł<br />
dla młodych naukowców, uczestniczących jednocześnie w Akademii Młodych Naukowców, będących członkami PTP &#8211; 550 zł<br />
dla młodych naukowców, uczestniczących jednocześnie w Akademii Młodych Naukowców, niebędących członkami PTP &#8211; 600 zł</p>
<p><strong>Płatność:</strong></p>
<p>kartą kredytową (PayU) lub przelewem na konto:<br />
Uniwersytet Warszawski Wydział Pedagogiczny (230)<br />
ul. Krakowskie Przedmieście 26/28 00-927 Warszawa<br />
Nr rachunku:<strong> 69 1160 2202 0000 0000 6084 9408</strong><br />
W tytule prosimy wpisać: X Zjazd 2019 oraz imię i nazwisko uczestnika</p>
<p>&nbsp;</p>
<h4><strong>Udział w Akademii Młodych Naukowców:</strong></h4>
<p>Młodzi Naukowcy będący członkami PTP &#8211; 150 zł<br />
Młodzi Naukowcy niebędący członkami PTP &#8211; 180 zł</p>
<p><strong>Płatność:</strong></p>
<p>przelewem na konto:<br />
Akademia Pedagogiki Specjalnej im. M. Grzegorzewskiej<br />
ul. Szczęśliwicka 40, 02-353 Warszawa<br />
Nr rachunku: <strong>61 2490 0005 0000 4530 3456 2606<br />
</strong>W tytule prosimy wpisać: Akademia Młodych &#8211; Zjazd oraz imię i nazwisko uczestnika</p>
<span>

<p class="excerpt"><span itemprop="description">Udział w Zjeździe: dla członków PTP &#8211; 600 zł dla osób niebędących członkami PTP &#8211; 650 zł dla młodych naukowców, uczestniczących jednocześnie w Akademii Młodych Naukowców, będących członkami PTP &#8211; 550 zł dla młodych naukowców, uczestniczących jednocześnie w Akademii Młodych Naukowców, niebędących członkami PTP &#8211;&hellip;</span></p>
<p class="more-link-p btn-align-right"><a class="blue zoom-btn" href="http://zjazd2019.pedagog.uw.edu.pl/index.php/informacje-praktyczne/oplaty/">Read More</a></p>
